 + -3. Let s(i) = -x*i - i - 2*i**3 + 4 + 2*i**2 + 3*i**3 - i**2. Give s(-3).
-5
Suppose 2*u = -u. Let k(q) = -q**2 - 2. Calculate k(u).
-2
Suppose 2*w = -2*z + 4, 5*z + 3*w + 6 = 24. Let c be -4 - (-2)/z*0. Let x(m) = -m**3 - 5*m**2 - 6*m - 5. What is x(c)?
3
Let v(t) be the second derivative of -t**3/6 + 9*t**2/2 - 17*t. Determine v(9).
0
Suppose 19 = -4*n + h, -3*n - 15 = h - 2*h. Let c(y) = y**3 + 3*y**2 + 8*y + 1. Let o(d) = -4*d**3 - 11*d**2 - 33*d - 4. Let j(s) = 9*c(s) + 2*o(s). Give j(n).
-7
Let m(j) = -5*j + 5. Let x(y) = -9*y + 9. Let p(d) = -5*m(d) + 3*x(d). Determine p(2).
-2
Let t(z) = 5*z. Let j be t(1). Let r = j - 5. Let i(n) = -n**3 + n - 6. Determine i(r).
-6
Let b(r) = -15*r**3 - 6*r**2 - 4. Let p(s) = 7*s**3 + 3*s**2 + 2. Let f(i) = 6*b(i) + 13*p(i). Determine f(-4).
-14
Let a(g) = -2*g - 7. Let d be 105/(1 + 0/1). Suppose -q = 4*q - d. Suppose -5*z - q = 4. What is a(z)?
3
Let m(r) = r**2 + r + 1. Let b(i) = i**3 + 5*i**2 - i - 7. Let a(q) = q**3 + 8*q**2 + 8*q + 2. Let h be a(-7). Let k be b(h). Determine m(k).
3
Let z(r) be the first derivative of r**2/2 - r - 1. Let g(q) = -q + 1. Suppose 0 = 5*t - 3*t - 2. Let c be g(t). Give z(c).
-1
Let o(m) = 3*m + 6. Suppose -2*u + 2 = 5*t, -2*t - 12 = 6*u - 2*u. Suppose -9 = -t*n + 3. Suppose s - 1 = -n. Determine o(s).
-9
Let z(d) = 4*d - 2. Suppose -k - 3 = -2*k. Suppose -k*w - 12 = -4*b + b, -2*b - w = -2. What is z(b)?
6
Let w(s) = 3*s + 4. Let g(o) = -3 + 3*o - o - 5*o. Let v(u) = 6*g(u) + 5*w(u). Determine v(-3).
11
Let u be 0 + -3 - -2 - (-2 - 1). Let k(q) be the first derivative of -1 + q - 1/2*q**2. Calculate k(u).
-1
Let p(k) = 6*k + 12. Let l(o) = 5*o + 12. Let z(a) = -7*l(a) + 6*p(a). Suppose -g - 30 = -4*i - 4*g, i - 8 = -g. Determine z(i).
-6
Let m(f) = 3*f + 2. Let u be -1 - -1 - (3 + -8). Let x(d) = 2*d + 1. Let b(q) = u*x(q) - 3*m(q). Determine b(-4).
-5
Let b(r) = r**3 - 3*r**2 - 2*r. Let n be b(-1). Let t(o) = -o**3 - o**2 - 2*o. What is t(n)?
8
Let f(v) = -v - 1. Let x(y) = 2*y - 1. Let j(n) = -f(n) - x(n). Calculate j(3).
-1
Let b(h) be the third derivative of h**6/120 + h**5/60 - 5*h**4/24 - h**3/2 + 5*h**2. Calculate b(-3).
-6
Suppose -16 = -2*x - 2*x. Let f(t) be the third derivative of -t**6/120 + t**5/12 - t**4/6 + t**3/3 + 4*t**2. Calculate f(x).
2
Let i(o) = 3*o - 2. Let j = 6 + -10. What is i(j)?
-14
Suppose 0 = -2*d + d + 5*k + 1, -3*k = 3*d - 3. Let f(w) be the first derivative of 2*w**2 - 1. Calculate f(d).
4
Let v(p) = -7*p + 3 + 5*p**2 + 0*p**2 - 3*p**2 - p**2. Give v(6).
-3
Let o(g) be the first derivative of -g**2/2 - g + 19. Calculate o(0).
-1
Let v(s) be the first derivative of s**3 - s**2/2 + 4. Determine v(1).
2
Let h(q) = -6*q**2 + 2*q - 1. Let z be 94/12 - 4/(-24). Suppose 0 = 3*c - 6, -4*l + c - 3*c = -z. What is h(l)?
-5
Let v(x) = -7*x**2 + x. Suppose 2*m + 3*m - 25 = 0. Let t(h) = -13*h**2 + 3*h. Let s(j) = m*v(j) - 2*t(j). Determine s(-1).
-8
Let b = -12 - -16. Let o(c) = c + 3. Calculate o(b).
7
Let c(b) be the third derivative of -3*b**2 - 1/6*b**3 + 1/8*b**4 + 0*b + 0. Determine c(3).
8
Let m = -3 - -6. Let w(s) = -s**3 + s**2 + 5*s - 3. Calculate w(m).
-6
Suppose h + 7 = 3. Let p = h + 2. Let t(o) = -3*o. What is t(p)?
6
Let h(a) = -a - 3. Suppose -5*d = -d + 4*q, -3*d + q = -20. What is h(d)?
-8
Let i(l) = -l. Let a(s) = 7*s - 2. Let r(c) = a(c) + 5*i(c). Suppose 4*g = 2*g + 8. Determine r(g).
6
Let m(v) be the first derivative of v**2/2 + 3*v - 1. Let f be -8*((-25)/(-5))/10. Calculate m(f).
-1
Suppose s - 4 + 1 = 0. Let z(f) = -f + f**2 + 0*f**2 + 6*f**2 - 3 + f**2 - f**3 - 3*f**2. Calculate z(s).
12
Suppose 5*l + m = -104, -71 = 3*l - 3*m - 5. Let v be 2 + 7/(l/(-36)). Suppose 4*i = -v - 2. Let a(p) = p**2 + 4*p - 4. Give a(i).
-4
Suppose -5*x + 10*x - 10 = 0. Let l = x - 3. Let w be (3 + 0/2)/l. Let g(n) = n**3 + 4*n**2 + n. Calculate g(w).
6
Suppose 3*l + 13 = 5*r, r = -5*l - 3*r - 34. Let h be 2/l - 14/(-6). Let f(i) = -1 - 2 + h*i + 2 - 4. What is f(6)?
7
Let d be ((-1)/2)/(3/(-6)). Let x be (0/(-2))/(d + 0). Let p be ((-5)/2)/5*x. Let t(u) = -u - 4. Calculate t(p).
-4
Let s(i) = 4*i - 3. Let d(x) = -x**2 + 9*x + 3. Let w be d(9). What is s(w)?
9
Let s(i) = -2 + 4*i**2 + 24*i + 2*i**3 + 0*i**3 - 23*i. Determine s(-2).
-4
Let m be -1 + 6*(-4)/(-3). Let y(t) = 0*t**2 - 7*t + 3*t**2 + m - 2*t**2. Let g be y(5). Let s(o) = -o**3 - 2*o**2 + 2*o + 1. Give s(g).
4
Suppose 2*a - 4 = 2*b - b, -3*b + 3*a + 3 = 0. Let m be (-2 + 3)/(3/b). Let x(r) be the first derivative of r**4/4 - r**3/3 - 2. Give x(m).
4
Let l(d) = d**3 - 5*d**2 + 3*d + 1. Suppose 5*n + y = n + 16, -4*n - 4 = -4*y. What is l(n)?
-8
Let z(r) = 6*r - 27. Let m(t) = -3*t - 4. Let h(j) = -j + 1. Let q(a) = -5*h(a) + m(a). Let k(p) = 17*q(p) - 6*z(p). Suppose 29*i - 163 = 11. Calculate k(i).
-3
Let r(n) = -3*n + 79 - 79. What is r(2)?
-6
Let d(c) = 2*c + 38. Let v be d(-22). Let x(m) = -2*m + 1 - 7*m**2 - 1 - 3*m - m**3. Calculate x(v).
-6
Let s be (-2)/(-11) + 414/22. Let z(g) = 4*g**3 - s*g**2 + g - 4 + 3 + 18*g**2. Determine z(1).
3
Let s(f) = -2*f**3 - 2*f**2 - 2*f + 3. Let t(u) = 2*u**3 + 2*u**2 + 2*u - 2. Let b(c) = 3*s(c) + 4*t(c). Determine b(-1).
-1
Let c(w) = w + 5. Let v = 2 + -8. Let g = 1 + v. Determine c(g).
0
Let r(g) = -g**3 - 2*g**2 + 3 + 3*g**3 - 4 - g - 3*g. What is r(3)?
23
Let l(o) be the third derivative of o**5/60 + o**4/6 - o**3/2 + 4*o**2. Suppose -b + 5*b - 20 = 0. Suppose 0 = -0*r - r - b. Determine l(r).
2
Let c(r) = r**2 - 3*r + 1. Let g be c(0). Suppose 3*t = 4*j + 2*t - 10, 5*t = -5*j + 25. Let w(z) = -2*z**2 - z**3 - j*z**3 + 1 + 3*z**3. Give w(g).
-2
Let b(y) = -y + 15. Let a be b(12). Suppose 0 = -2*j - a*j - 20. Let z(q) = q + 1. Give z(j).
-3
Let q(b) = b**2 - 5*b - 1. Let m be (-12)/(0/(-1) - 2). What is q(m)?
5
Let r(y) = -17*y**2 + 2*y + 4. Let l(x) = 8*x**2 - x - 2. Let w(k) = -9*l(k) - 4*r(k). What is w(-2)?
-16
Let n(d) = 3*d**3 + d + 1. Let p(f) = -16*f**3 - 5*f - 5. Let z(g) = 11*n(g) + 2*p(g). Calculate z(-2).
-9
Let u be (1 + -2)*0/3. Let a be u*(-2)/(0 + 2). Suppose -b - 3*b - 16 = a. Let p(j) = -j**2 - 5*j + 1. Give p(b).
5
Suppose 5*z = 5*v, -15 = -9*z + 4*z. Let w(r) = -7*r**2 + 6*r**3 + 0*r**3 - 7*r - r**v - 6*r**3 - 3. What is w(-6)?
3
Let z(x) be the third derivative of x**4/8 + x**3/6 + 23*x**2. Calculate z(1).
4
Let v(b) = b**2 + 10*b + 12. Let j be v(-9). Let i(p) = 2*p**2 - 4*p + 3. Give i(j).
9
Suppose -u = j - 0*j + 7, -5*j + 5*u = -15. Let c(g) = -g**3 + g**2 - 2. What is c(j)?
10
Let s(p) = p + 2. Let o be s(-3). Let c(g) be the first derivative of -g + 0*g**2 + 1 - 2*g**2 + 2*g. What is c(o)?
5
Let w(y) = -y**2 - 3*y + 4. Let p(n) = -n - 5. Let a be p(-6). Suppose 4*x - 16 = -0*x. Let j = a - x. Give w(j).
4
Let f(m) = -7*m - 9. Let j be f(-2). Let i(a) = 2 - 3 - 5 + a. What is i(j)?
-1
Let s(y) be the third derivative of 0 - 1/6*y**3 - 1/60*y**5 - 1/12*y**4 + 0*y + y**2. Let c = -2 - 1. What is s(c)?
-4
Suppose -4 = 3*q + 8. Let r(b) be the third derivative of -b**6/120 - b**5/20 + 5*b**4/24 + b**3/2 - 4*b**2. Give r(q).
-1
Let o(x) = -x**2 + 4*x. Let f be 4 + (-5)/15*3. Give o(f).
3
Let r(s) = 19*s - 1 - 4*s + 10*s - s. What is r(-1)?
-25
Let s(y) be the third derivative of -y**4/24 - y**3/6 - 15*y**2. Let h be 4/(-10) + 54/(-15). Calculate s(h).
3
Let t(q) = -8544 - q**3 + 8547 + 3*q**2 - 8*q**2. Determine t(-4).
-13
Let q(v) = -4*v**2 - 5*v + 6. Let n(m) = m**2 + 2*m - 2. Let z = -16 + 23. Let l(x) = z*n(x) + 2*q(x). Give l(2).
2
Suppose -2*z - z + 15 = 0. Let c be 1/((10/(-8))/z). Let k(d) = d**3 + 5*d**2 + 7*d + 5. Determine k(c).
-7
Let o(x) = -7*x + 3. Let m(p) = -6*p + 3. Let s(g) = g + 12. Let y be s(-6). Let f(q) = y*m(q) - 5*o(q). Determine f(-5).
8
Suppose -6 = 3*x - 3*c, 32 = -5*x + c + 6. Let l(w) = w**2 + 8*w + 6. Determine l(x).
-6
Let v(o) = -2*o**2 + 7*o - 6. Suppose 28 = -4*q + 11*q. What is v(q)?
-10
Let i(l) = -l - 1. Let x(s) = -4*s - 2. Suppose -11 = u + 1. Let d = u - -5. Let c(j) = d*i(j) + 2*x(j). Calculate c(0).
3
Let i(p) = -1 + 4 - 1 - 2*p + p. Let v(s) = -s**2 + 1. Let m be v(-1). Calculate i(m).
2
Let d be 5/(1/((-12)/(-3))). Suppose 0 = -j + 6*j + d. Let f(m) be the second derivative of m**5/20 + 5*m**4/12 + 5*m**3/6 - 3*m**2/2 + m. Calculate f(j).
-7
Let a(z) = -z**3 +